 120850 = 0. Is r a composite number?
True
Let j be 4/((8/(-18))/((-8)/6)). Suppose -10652 = -j*u + 16*u. Let x = u + 4980. Is x a prime number?
False
Is 60025 + -14 + -7 + 27 prime?
False
Suppose 3*y - 19296 = -3*m, -2*m + 12869 = -0*m + y. Is m composite?
True
Suppose 0 = 4*q + 4*p - 28, -p - 1 = 2*q - 13. Suppose 1168 = 3*n - q*g + 26, -4*g = -n + 383. Is n a prime number?
True
Let s(k) = -k**2 + 2*k - 1. Let g be s(1). Suppose g = -2*b - 569 + 2733. Suppose r + r - b = 0. Is r composite?
False
Let t = 280 + -269. Suppose 7*c = -t*c + 99162. Is c composite?
True
Let c(s) = 2445*s**2 + 14*s + 24. Is c(5) a prime number?
False
Is (-30 - -31)/(5/847805) composite?
True
Let s be (-63)/(-5) - (-1 + (-32)/(-20)). Suppose -3179 = -4*c - 2*k + 11817, 0 = -3*k + s. Is c composite?
True
Is 5/(-6) + (-3554842)/(-948) a composite number?
True
Let p(y) = y**3 + 3*y**2 + y + 59. Let j = 101 + -101. Is p(j) a prime number?
True
Is ((-207164)/(-10))/(((-396)/(-165))/6) prime?
False
Let v be 243424/28 - 0 - (-2)/7. Suppose -96895 - v = -11*m. Is m composite?
True
Let w(n) = n**2 - 3*n + 35. Suppose -91 = 11*b + 107. Is w(b) a composite number?
True
Let g(h) = -h**2 + 40*h - 43. Let f be g(23). Suppose 0 = 3*i + o - 4*o - f, -4*i - o = -454. Is 59584/i - (0 - (-1)/(-3)) prime?
True
Suppose 924*y - 927*y + 3*z = -6356259, y = 2*z + 2118745. Is y prime?
False
Suppose b + 0*f = 5*f + 17, -20 = 5*b - 4*f. Is 1513 - (b/(-14))/(6/21) a composite number?
False
Let m(k) = k**3 - k**2 - 3*k + 3. Let y be -1 + 2/(0 + -2). Let r be m(y). Is ((-2720)/(-5) - 0) + r a composite number?
False
Let a be (74 + -2)/(3/90). Suppose 0 = -15*q + 16*q - 4261. Let y = q - a. Is y prime?
False
Let m = -1093 - -5377. Let l = -2525 + m. Is l composite?
False
Let g be (1 - (11 + -7)) + 1*5. Is (g - 6) + 13867 + 0 a prime number?
False
Suppose -3*m - 60 = 4*u, 1 = -4*u + 3*m - 59. Let f be ((-69)/6)/(-1 - u/14). Let w = f + 256. Is w a composite number?
True
Let n be (-263)/(-4) + (-3)/(-12). Suppose 0 = -90*b + 41*b + 539. Let w = n + b. Is w prime?
False
Let r(c) = -2508*c**3 - 3*c**2 + 6*c + 7. Let u be r(-1). Suppose 0 = 6*m + u - 27232. Is m composite?
True
Let g(v) be the second derivative of -19*v**3 - 77*v**2/2 - 35*v. Is g(-21) a prime number?
False
Let g = 25 + -21. Suppose 39720 = g*x - 0*x. Suppose 5*c - x = -c. Is c a composite number?
True
Let i be (0 - 2/(-3)) + (-28)/(-21). Suppose i*f + 101 - 35 = 3*z, -f + 2*z - 34 = 0. Let h = f - -1019. Is h composite?
True
Let h(m) = -76890*m**3 + 3*m**2 + 14*m + 33. Is h(-2) a prime number?
True
Suppose 4*o + f = -0*f + 14, -f - 7 = -3*o. Suppose -o*t - 3*r + 1 = 4, -t - 5*r = 21. Suppose -t*v + 10521 = -m - 0*m, -v + 3*m + 2644 = 0. Is v composite?
True
Suppose h = 5, 14*d - 2*h + 10 = 10*d. Suppose d*w - w - 22426 = -y, -2*w = -10. Is y prime?
False
Let y be 14/2 - (0 + 3 - 1). Suppose y*j = 3*b + b - 3635, 0 = 5*j + 15. Is b a prime number?
False
Let v(w) = -w**2 - w - 1. Let z(l) = 3*l**2 + l + 1. Let d(s) = -3*v(s) + z(s). Let j be d(-9). Suppose 4*m - 4*k = 1896, -m - j = -2*m + 5*k. Is m prime?
True
Let r(g) = -3272*g - 2705. Is r(-11) a prime number?
True
Let z = 24628 + 213141. Is z a composite number?
True
Suppose -14 = -4*r + 26. Suppose -9*v = -3*i - r*v + 2786, -1859 = -2*i + v. Is i composite?
False
Let g be (-3 - 80)/(6 - 7). Let t = -78 + g. Suppose 4*x + 9431 = t*b, 3*b - 2*x - 5637 = -5*x. Is b a composite number?
True
Suppose x - 59724 - 75127 = -5*n, -2*n + 4*x + 53958 = 0. Suppose -11*q + 47070 = -n. Is q prime?
False
Let z be (5 - 67)*(-125)/2. Suppose -2*s = 5*q - 18597, q + 152 = -4*s + z. Is q prime?
True
Let j be 7/28*-326*6. Let c = -134 - j. Is c prime?
False
Let n(j) be the first derivative of 27*j**4/2 + j**3/3 + j**2/2 - j - 2. Let h(c) be the first derivative of n(c). Is h(2) prime?
True
Let x be (0 - 8/36) + 160/(-9). Let k = 21 + x. Is k/15 - (-7)/((-105)/(-342)) composite?
False
Is (4 - 1*-23729) + 8/(-36)*9 a composite number?
True
Let f be (4/6 - 0)/((-60)/(-2249730)). Suppose 3*n = 5*h - 5905 + 24661, 4*n - 3*h = f. Is n composite?
False
Is (-8267)/((-21)/((-147)/14) + -3) a composite number?
True
Suppose 13*c - 38376 = 4*c. Let v = -1973 + c. Is v prime?
False
Let g(d) = -119*d**3 - 4*d**2 + 7*d + 4. Let s be g(-7). Suppose -5*x + 2*z = -z + s, x - 5*z = -8102. Let c = -1276 - x. Is c prime?
True
Suppose 0 = j + 4472 + 701. Let u = 296 - j. Is u composite?
True
Let q(m) = -4*m**2 - 2*m - 8. Let g(p) = -9*p**2 - 4*p - 17. Let o(t) = -6*g(t) + 13*q(t). Suppose -9*k + 7*k - 3*i = 30, -20 = 4*k - 4*i. Is o(k) prime?
False
Let p(a) be the first derivative of 16*a**3 + 7*a**2 - 17*a + 105. Is p(4) a composite number?
True
Let b(h) = -h**3 - 24*h**2 + 2*h - 47. Let s be b(-27). Suppose 275*u - s = 273*u. Is u a composite number?
True
Suppose -5*b = -5*z, 0 = -3*z + 4*b + 2 - 6. Suppose -2*d + 1668 = -5*w, -z*w = 8*d - 5*d - 2525. Is d a prime number?
True
Let q = 2724 - 1395. Let l be (0 - 0) + 910/5. Let g = q - l. Is g a composite number?
True
Let j(u) = u**2 + 2*u + 8. Let n be j(-6). Let f be (-22)/3 + n/24. Let z(x) = 2*x**2 + x + 19. Is z(f) prime?
False
Let y be (-1)/2 - (238/(-4) + 3). Suppose 57*h - y*h = 2053. Is h a prime number?
True
Let o(r) = r**3 - 4*r**2 - 4*r - 6. Let z be o(5). Let a be (-6)/3*(z + 0). Suppose -5*g + 110 = 3*h, 0 = -3*g + a*h + 2*h + 66. Is g composite?
True
Let i(c) = 55*c**3 + 7*c**2 + 2*c + 87. Is i(13) a composite number?
False
Let f be 174/21*-1 + (-4)/(-14). Let k be (-420)/15*922/f. Let i = k + -724. Is i a prime number?
True
Suppose -3*t - 3*w + 143796 = 0, -3*t + 3*w - 47918 = -4*t. Is t a prime number?
True
Let c = 800615 - 333378. Is c a composite number?
False
Let z be (-126)/(-26) + 2/13. Let y(f) = -16*f - f**2 + 3*f**2 + 6*f**2 + z - 4*f**2. Is y(7) composite?
False
Is 35/14*(-128)/80*(-219187)/4 a composite number?
False
Suppose -3*l + 2*h + 23204 = 0, -5*l + 0*h - 2*h + 38684 = 0. Suppose 78 = 4*v - 3*p - 7658, -4*v - 2*p + l = 0. Let u = -1057 + v. Is u a prime number?
True
Suppose 21*z - 23*z = -8. Let v be -1 + z - (0 - (-399)/(-1)). Let x = 95 + v. Is x a composite number?
True
Let k = 87 + -84. Suppose 5*b = 5*y - 22565, 4*y - 6116 = k*b + 11931. Suppose 4*w = 344 + y. Is w prime?
True
Suppose r = -4*f + 5845966 - 2145978, -r + 924997 = f. Is f prime?
True
Let u = 44 - 45. Let w = -1 - u. Is w - -1011 - 4/2 prime?
True
Suppose -218331752 - 140635244 = -634*r - 37700810. Is r a prime number?
True
Suppose 0 = 3*h - 1386 - 2835. Let w = h - 998. Is w a composite number?
False
Let b(f) = 21*f**3 - 68*f**2 - 53*f + 209. Is b(19) a composite number?
True
Let m = 365452 - 9375. Is m a prime number?
True
Is ((-599694)/(-9))/((-32)/208 - (-192)/234) a prime number?
False
Suppose 2*f + 3*i - 44 = 0, -4*f - 4*i = -9*i - 44. Let r be 38/9 - f/72. Suppose 3*v = -r*t + 6610, 4*t - 3008 = -4*v + 3604. Is t prime?
False
Suppose 5*o + d = 7, -5*o - 5*d = 2 + 3. Let x be (-24)/(-32)*o*(1 - 111). Let j = -70 - x. Is j a composite number?
True
Let h = 151 + -135. Suppose 10938 = -h*m + 55850. Is m composite?
True
Let w(d) = -d**3 + 18*d**2 + 7*d + 7. Let l(m) = 4*m**2 - 12*m - 28. Let v be l(-2). Is w(v) composite?
True
Let c = 31 + -39. Let u(v) = -7*v**3 - 11*v**2 - 10*v + 17. Let x be u(c). Suppose 10*s - x + 87 = 0. Is s prime?
False
Is (-6)/5 - 2559821/(-55) composite?
True
Is (-1552)/24*(112/(-28) + (-3109)/2) a composite number?
True
Suppose 2*s - 10070 = -3*m, 0 = -2*s - 2*s - 2*m + 20156. Let f(l) = -3*l**2 - 142*l - 470. Let g be f(-62). Let n = s + g. Is n a composite number?
True
Suppose 20*a = 14*a + 36. Is 8353/(a/(-4 + 10)) composite?
False
Let n be (-1 + -1 - 29)/((-4)/(-2128)). Is 2 + (0 - -5 - n) a prime number?
False
Suppose 0 = 7*k + 7044 - 24740. Suppose d = 4*f + 2543, d - k = 4*f - 5*f. Is d prime?
True
Let z(t) = t**3 - 6*t**2 + 5. Let y be z(6). Suppose 0*n = -4*d - 4*n + 24, 3*n = -y*d + 20. Is 5/10*(d + 1345) composite?
False
Suppose -26*g + 15*g = -717310. Suppose -10*q = -0*q - g. Is q composite?
False
Let v = 318699 - 192626. Is v composite?
True
Let y be (-2 - 0)/((-1)/((-1)/(-1))). Let b be (-1)/(-3)*12 + y. Suppose -3316 + 16342 = b*u. Is u composite?
True
Is 1616400/1 + (418/(-5225))/((-4)/50) a composite number?
False
Let m(